{"id":76,"date":"2024-10-11T12:08:21","date_gmt":"2024-10-11T10:08:21","guid":{"rendered":"https:\/\/alimcoaching.fr\/?page_id=76"},"modified":"2024-12-17T19:32:35","modified_gmt":"2024-12-17T18:32:35","slug":"entreprise-et-collectivites","status":"publish","type":"page","link":"https:\/\/alimcoaching.fr\/index.php\/entreprise-et-collectivites\/","title":{"rendered":"Entreprises"},"content":{"rendered":"\n<div class=\"wp-block-group has-global-padding is-layout-constrained wp-block-group-is-layout-constrained\">\n<div class=\"wp-block-group has-global-padding is-layout-constrained wp-block-group-is-layout-constrained\">\n<p class=\"has-superbfont-small-font-size\">Vous \u00eates une entreprise ou une collectivit\u00e9 locale soucieuse du bien-\u00eatre et de la qualit\u00e9 de vie de vos salari\u00e9s, qui souhaite s\u2019engager dans la transition vers une alimentation plus saine et durable&nbsp;?&nbsp;<\/p>\n\n\n\n<p class=\"has-superbfont-small-font-size\">Je propose deux services :<\/p>\n\n\n\n<div class=\"wp-block-group is-content-justification-center is-nowrap is-layout-flex wp-container-core-group-is-layout-23441af8 wp-block-group-is-layout-flex\">\n<figure class=\"wp-block-image size-full\"><a href=\"https:\/\/alimcoaching.fr\/index.php\/entreprise-et-collectivites\/#coaching-salari\u00e9\"><img loading=\"lazy\" decoding=\"async\" width=\"500\" height=\"500\" src=\"https:\/\/alimcoaching.fr\/wp-content\/uploads\/2024\/12\/Accompagnement-individuel-1.jpg\" alt=\"\" class=\"wp-image-582\" srcset=\"https:\/\/alimcoaching.fr\/wp-content\/uploads\/2024\/12\/Accompagnement-individuel-1.jpg 500w, https:\/\/alimcoaching.fr\/wp-content\/uploads\/2024\/12\/Accompagnement-individuel-1-300x300.jpg 300w, https:\/\/alimcoaching.fr\/wp-content\/uploads\/2024\/12\/Accompagnement-individuel-1-150x150.jpg 150w\" sizes=\"auto, (max-width: 500px) 100vw, 500px\" \/><\/a><\/figure>\n\n\n\n<figure class=\"wp-block-image size-full\"><a href=\"https:\/\/alimcoaching.fr\/index.php\/entreprise-et-collectivites\/#ateliers-thematiques\"><img loading=\"lazy\" decoding=\"async\" width=\"500\" height=\"500\" src=\"https:\/\/alimcoaching.fr\/wp-content\/uploads\/2024\/12\/Ateliers-thematiques-1.jpg\" alt=\"\" class=\"wp-image-583\" srcset=\"https:\/\/alimcoaching.fr\/wp-content\/uploads\/2024\/12\/Ateliers-thematiques-1.jpg 500w, https:\/\/alimcoaching.fr\/wp-content\/uploads\/2024\/12\/Ateliers-thematiques-1-300x300.jpg 300w, https:\/\/alimcoaching.fr\/wp-content\/uploads\/2024\/12\/Ateliers-thematiques-1-150x150.jpg 150w\" sizes=\"auto, (max-width: 500px) 100vw, 500px\" \/><\/a><\/figure>\n<\/div>\n\n\n\n<p class=\"has-superbfont-small-font-size\">Pour plus de d\u00e9tails, je vous invite \u00e0 me contacter. Nous planifierons un rendez-vous et nous discuterons de l\u2019offre adapt\u00e9e \u00e0 votre entreprise ou collectivit\u00e9.<\/p>\n\n\n\n<div class=\"wp-block-buttons is-content-justification-center is-layout-flex wp-container-core-buttons-is-layout-a89b3969 wp-block-buttons-is-layout-flex\">\n<div class=\"wp-block-button\"><a class=\"wp-block-button__link has-contrast-light-color has-text-color has-background has-link-color wp-element-button\" href=\"https:\/\/alimcoaching.fr\/index.php\/contact\/\" style=\"border-radius:100px;background-color:#f46f3f\">Prendre rdv<\/a><\/div>\n<\/div>\n<\/div>\n<\/div>\n\n\n\n<div class=\"wp-block-group has-global-padding is-layout-constrained wp-block-group-is-layout-constrained\">\n<div id=\"coaching-salari\u00e9\" class=\"wp-block-group has-global-padding is-layout-constrained wp-block-group-is-layout-constrained\">\n<h2 class=\"wp-block-heading has-superbfont-large-font-size\">Coaching Salari\u00e9<\/h2>\n\n\n\n<p class=\"has-superbfont-small-font-size\">Vous avez dans vos salari\u00e9s des personnes pr\u00eates \u00e0 prendre ou reprendre en main leur alimentation, \u00e0 veiller \u00e0 leur sant\u00e9 et \u00e0 celle de leurs proches, tout en conciliant plaisir, budget et respect de l\u2019environnement ? Offrez-leur l\u2019opportunit\u00e9 d\u2019un accompagnement sur-mesure.<\/p>\n\n\n\n<p class=\"has-superbfont-small-font-size\">Gr\u00e2ce \u00e0 ce service, vous pouvez contribuer au bien-\u00eatre au travail, en jouant sur la motivation et la performance de vos collaborateurs. Selon les situations, l\u2019accompagnement permet d\u2019aborder les notions d\u2019\u00e9quilibre entre vie professionnelle et personnelle, en optimisant la gestion du temps, de l\u2019\u00e9nergie et du stress.<\/p>\n\n\n\n<p class=\"has-superbfont-small-font-size\">Le d\u00e9roul\u00e9&nbsp;d\u2019un accompagnement type pour le salari\u00e9 est similaire \u00e0 celui d\u2019un <a href=\"https:\/\/alimcoaching.fr\/index.php\/coaching-alimentaire-et-culinaire\/\">particulier<\/a>.<br><\/p>\n\n\n\n<h2 class=\"wp-block-heading has-superbfont-medium-font-size\">Un accompagnement flexible, adapt\u00e9 \u00e0 vos besoins <\/h2>\n\n\n\n<p class=\"has-superbfont-small-font-size\">Selon votre choix, l\u2019accompagnement peut \u00eatre totalement ou partiellement financ\u00e9 par l&rsquo;entreprise, le Comit\u00e9 d\u2019Entreprise ou directement par les salari\u00e9s. Vous pouvez aussi opter pour un forfait d\u2019heures d\u2019accompagnement global ou par salari\u00e9, \u00e0 l\u2019heure ou par pack. Un devis personnalis\u00e9 sera \u00e9tabli apr\u00e8s notre rendez-vous.<\/p>\n\n\n\n<h2 class=\"wp-block-heading has-superbfont-medium-font-size\">Coaching \u00e0 distance ou sur site<\/h2>\n\n\n\n<p class=\"has-superbfont-small-font-size\">Que ce soit en distanciel (sans limite g\u00e9ographique) ou directement dans vos locaux, le coaching est flexible et adapt\u00e9 \u00e0 votre organisation. Le tarif prendra en compte d\u2019\u00e9ventuels frais de d\u00e9placement, selon la localisation et le nombre de s\u00e9ances.<\/p>\n\n\n\n<h2 class=\"wp-block-heading has-superbfont-medium-font-size\">Pr\u00eat \u00e0 investir dans le bien-\u00eatre de vos \u00e9quipes ?<\/h2>\n\n\n\n<p class=\"has-superbfont-small-font-size\">N&rsquo;attendez plus ! Contactez-moi pour planifier un rendez-vous. Nous discuterons de la d\u00e9marche et de l&rsquo;offre la mieux adapt\u00e9e \u00e0 vos besoins et \u00e0 ceux de vos collaborateurs. Ensemble, mettons en place un programme qui boostera le bien-\u00eatre et la performance au sein de votre entreprise !<\/p>\n\n\n\n<div class=\"wp-block-buttons is-content-justification-center is-layout-flex wp-container-core-buttons-is-layout-a89b3969 wp-block-buttons-is-layout-flex\">\n<div class=\"wp-block-button\"><a class=\"wp-block-button__link has-contrast-light-color has-text-color has-background has-link-color wp-element-button\" href=\"https:\/\/alimcoaching.fr\/index.php\/contact\/\" style=\"border-radius:100px;background-color:#f46f3f\">Prendre RDV<\/a><\/div>\n<\/div>\n<\/div>\n\n\n\n<div class=\"wp-block-group has-global-padding is-layout-constrained wp-block-group-is-layout-constrained\">\n<h2 class=\"wp-block-heading has-superbfont-large-font-size\" id=\"ateliers-thematiques\">Ateliers th\u00e9matiques<\/h2>\n\n\n\n<p class=\"has-superbfont-small-font-size\">Envie d\u2019apprendre tout en passant un moment convivial ? Mes ateliers vous permettent de d\u00e9couvrir des notions essentielles pour adopter une alimentation saine et durable, tout en partageant des exp\u00e9riences enrichissantes avec vos collaborateurs ou membres de votre collectivit\u00e9.<\/p>\n\n\n\n<h3 class=\"wp-block-heading has-superbfont-medium-font-size\"><strong>Des th\u00e8mes vari\u00e9s pour une alimentation \u00e9quilibr\u00e9e et responsable<\/strong><\/h3>\n\n\n\n<ul class=\"wp-block-list\">\n<li class=\"has-superbfont-small-font-size\">Grands principes d\u2019une alimentation saine et durable (atelier sans cuisine)<\/li>\n\n\n\n<li class=\"has-superbfont-small-font-size\">Adopter un bon rythme alimentaire avec des recettes saines pour petit-d\u00e9jeuner et encas<\/li>\n\n\n\n<li class=\"has-superbfont-small-font-size\">V\u00e9g\u00e9taliser son assiette : d\u00e9couvrez les bienfaits de l\u2019assiette trio (c\u00e9r\u00e9ales, l\u00e9gumineuses et l\u00e9gumes)<\/li>\n<\/ul>\n\n\n\n<h3 class=\"wp-block-heading has-superbfont-medium-font-size\"><strong>Un format flexible et adapt\u00e9<\/strong><\/h3>\n\n\n\n<ol class=\"wp-block-list\">\n<li class=\"has-superbfont-small-font-size\"><strong>Atelier sans cuisine&nbsp;(1h)<\/strong> :<\/li>\n<\/ol>\n\n\n\n<ul class=\"wp-block-list\">\n<li class=\"has-superbfont-small-font-size\">Pr\u00e9sentation interactive (45 min)&nbsp;<\/li>\n\n\n\n<li class=\"has-superbfont-small-font-size\">Questions-r\u00e9ponses &amp; d\u00e9gustation (15 min)<\/li>\n<\/ul>\n\n\n\n<ol start=\"2\" class=\"wp-block-list\">\n<li class=\"has-superbfont-small-font-size\"><strong>Atelier avec cuisine (2h)&nbsp;<\/strong>:<\/li>\n<\/ol>\n\n\n\n<ul class=\"wp-block-list\">\n<li class=\"has-superbfont-small-font-size\">Introduction participative sur le th\u00e8me (30 min)<\/li>\n\n\n\n<li class=\"has-superbfont-small-font-size\">Tous en cuisine (1h 30 min, vaisselle incluse)<\/li>\n\n\n\n<li class=\"has-superbfont-small-font-size\">D\u00e9gustation &amp; partage d\u2019id\u00e9es (30 min)<\/li>\n<\/ul>\n\n\n\n<h3 class=\"wp-block-heading has-superbfont-medium-font-size\"><strong>Pourquoi choisir mes ateliers ?<\/strong><\/h3>\n\n\n\n<ul class=\"wp-block-list\">\n<li class=\"has-superbfont-small-font-size\">Apprenez de mani\u00e8re ludique et pratique : des conseils concrets et facilement applicables dans votre quotidien.<\/li>\n\n\n\n<li class=\"has-superbfont-small-font-size\">\u00c9changez et partagez : des moments conviviaux o\u00f9 l\u2019apprentissage se fait dans la bonne humeur.<\/li>\n\n\n\n<li class=\"has-superbfont-small-font-size\">Adapt\u00e9 \u00e0 vos besoins : que vous soyez une entreprise ou une collectivit\u00e9, je vous propose des solutions sur mesure.<\/li>\n<\/ul>\n\n\n\n<p class=\"has-superbfont-small-font-size\">Pour en savoir plus, je vous invite \u00e0 <strong><a href=\"https:\/\/alimcoaching.fr\/index.php\/contact\/\" data-type=\"page\" data-id=\"18\"><span style=\"text-decoration: underline;\">me contacter<\/span><\/a><\/strong> pour planifier un rendez-vous, durant lequel nous discuterons de l\u2019offre adapt\u00e9e \u00e0 votre entreprise ou collectivit\u00e9, en fonction de vos besoins et de vos \u00e9quipements. Un devis sera \u00e9tabli \u00e0 l\u2019issue de cette prise de contact.<\/p>\n\n\n\n<div class=\"wp-block-buttons is-content-justification-center is-layout-flex wp-container-core-buttons-is-layout-a89b3969 wp-block-buttons-is-layout-flex\">\n<div class=\"wp-block-button\"><a class=\"wp-block-button__link has-contrast-light-color has-text-color has-background has-link-color wp-element-button\" href=\"https:\/\/alimcoaching.fr\/index.php\/contact\/\" style=\"border-radius:100px;background-color:#f46f3f\">Obtenir un devis<\/a><\/div>\n<\/div>\n<\/div>\n<\/div>\n","protected":false},"excerpt":{"rendered":"<p>Vous \u00eates une entreprise ou une collectivit\u00e9 locale soucieuse du bien-\u00eatre et de la qualit\u00e9 de vie de vos salari\u00e9s, qui souhaite s\u2019engager dans la transition vers une alimentation plus saine et durable&nbsp;?&nbsp; Je propose deux services : Pour plus de d\u00e9tails, je vous invite \u00e0 me contacter. Nous planifierons un rendez-vous et nous discuterons [&hellip;]<\/p>\n","protected":false},"author":1,"featured_media":0,"parent":0,"menu_order":0,"comment_status":"closed","ping_status":"closed","template":"","meta":{"footnotes":""},"class_list":["post-76","page","type-page","status-publish","hentry"],"_links":{"self":[{"href":"https:\/\/alimcoaching.fr\/index.php\/wp-json\/wp\/v2\/pages\/76","targetHints":{"allow":["GET"]}}],"collection":[{"href":"https:\/\/alimcoaching.fr\/index.php\/wp-json\/wp\/v2\/pages"}],"about":[{"href":"https:\/\/alimcoaching.fr\/index.php\/wp-json\/wp\/v2\/types\/page"}],"author":[{"embeddable":true,"href":"https:\/\/alimcoaching.fr\/index.php\/wp-json\/wp\/v2\/users\/1"}],"replies":[{"embeddable":true,"href":"https:\/\/alimcoaching.fr\/index.php\/wp-json\/wp\/v2\/comments?post=76"}],"version-history":[{"count":29,"href":"https:\/\/alimcoaching.fr\/index.php\/wp-json\/wp\/v2\/pages\/76\/revisions"}],"predecessor-version":[{"id":625,"href":"https:\/\/alimcoaching.fr\/index.php\/wp-json\/wp\/v2\/pages\/76\/revisions\/625"}],"wp:attachment":[{"href":"https:\/\/alimcoaching.fr\/index.php\/wp-json\/wp\/v2\/media?parent=76"}],"curies":[{"name":"wp","href":"https:\/\/api.w.org\/{rel}","templated":true}]}}